{"id":191,"date":"2021-09-27T21:21:12","date_gmt":"2021-09-28T00:21:12","guid":{"rendered":"http:\/\/www.officetecnologia.com.br\/site\/?page_id=191"},"modified":"2021-10-29T19:30:37","modified_gmt":"2021-10-29T22:30:37","slug":"nossos-servicos-inteligencia","status":"publish","type":"page","link":"https:\/\/www.officetecnologia.com.br\/site\/nossos-servicos-inteligencia\/","title":{"rendered":"Nossos Servi\u00e7os &#8211; Intelig\u00eancia"},"content":{"rendered":"<p>[vc_section css=&#8221;.vc_custom_1634697254909{background: #ffffff url(https:\/\/www.officetecnologia.com.br\/site\/wp-content\/uploads\/2021\/10\/back_servinteligencia.png?id=308) !important;background-position: center !important;background-repeat: no-repeat !important;background-size: cover !important;}&#8221;][vc_row el_class=&#8221;box_geral&#8221;][vc_column css_animation=&#8221;none&#8221;][vc_empty_space height=&#8221;100px&#8221;][vc_column_text]<\/p>\n<h1><span style=\"color: #4a5668;\"><strong>Nossos Servi\u00e7os<\/strong><br \/>\n<\/span><span style=\"color: #4a5668; font-weight: 300; font-size: 35px; display: block; line-height: 50px;\">Intelig\u00eancia e Consultoria<br \/>\n<\/span><\/h1>\n<div id=\"ancor\"><\/div>\n<p>[\/vc_column_text][vc_empty_space height=&#8221;200px&#8221;][\/vc_column][\/vc_row][\/vc_section][vc_row el_class=&#8221;box_geral&#8221;][vc_column width=&#8221;1\/5&#8243;][vc_column_text][\/vc_column_text][\/vc_column][vc_column width=&#8221;3\/5&#8243;][vc_empty_space height=&#8221;10px&#8221;][\/vc_column][\/vc_row][vc_row el_class=&#8221;box_geral&#8221;][vc_column width=&#8221;1\/3&#8243;][vc_column_text]<\/p>\n<div id=\"ancor\"><\/div>\n<p>[\/vc_column_text][vc_column_text]<div class=\"menu-menu_serv-container\"><ul id=\"menu-menu_serv\" class=\"\"><li id=\"menu-item-317\" class=\"menu_serv_infra menu-item menu-item-type-custom menu-item-object-custom menu-item-317\"><a href=\"http:\/\/officetecnologia.com.br\/site\/nossos-servicos-infraestrutura\/#ancor\"><i style=\"font-size:0.7em;color:#ffffff\" class=\"wpmi__icon wpmi__position-before wpmi__align-middle wpmi__size-0.7 dashicons dashicons-controls-play\"><\/i>Infraestrutura e Outsourcing<\/a><\/li>\n<li id=\"menu-item-332\" class=\"menu_serv_inteli menu-item menu-item-type-custom menu-item-object-custom menu-item-332\"><a href=\"http:\/\/www.officetecnologia.com.br\/site\/nossos-servicos-inteligencia\/#ancor\"><i style=\"font-size:0.7em;color:#ffffff\" class=\"wpmi__icon wpmi__position-before wpmi__align-middle wpmi__size-0.7 dashicons dashicons-controls-play\"><\/i>Intelig\u00eancia e Consultoria<\/a><\/li>\n<li id=\"menu-item-333\" class=\"menu_serv_seg menu-item menu-item-type-custom menu-item-object-custom menu-item-333\"><a href=\"http:\/\/www.officetecnologia.com.br\/site\/nossos-servicos-seguranca\/#ancor\"><i style=\"font-size:0.7em;color:#ffffff\" class=\"wpmi__icon wpmi__position-before wpmi__align-middle wpmi__size-0.7 dashicons dashicons-controls-play\"><\/i>Seguran\u00e7a e LGPD<\/a><\/li>\n<\/ul><\/div>[\/vc_column_text][vc_empty_space height=&#8221;150px&#8221;][\/vc_column][vc_column width=&#8221;2\/3&#8243; el_class=&#8221;box_shadow&#8221;][vc_column_text]<\/p>\n<h2><span style=\"color: #eab82f;\">Intelig\u00eancia e Consultoria<\/span><\/h2>\n<p>[\/vc_column_text][vc_empty_space height=&#8221;24px&#8221;][vc_tta_accordion][vc_tta_section title=&#8221;FERRAMENTAS PARA TREINAMENTOS E INTEGRA\u00c7\u00c3O CORPORATIVAS&#8221; tab_id=&#8221;1632785817936-a278572a-8fa5&#8243;][vc_column_text]Implementa\u00e7\u00e3o de ferramentas que trazem solu\u00e7\u00f5es para treinamentos e integra\u00e7\u00f5es corporativas, otimizando processos[\/vc_column_text][\/vc_tta_section][vc_tta_section title=&#8221;SOLU\u00c7\u00d5ES DE APOIO EM GERENCIAMENTO DE TAREFAS&#8221; tab_id=&#8221;1632785817945-062234f1-5cbd&#8221;][vc_column_text]Apoio na implementa\u00e7\u00e3o, configura\u00e7\u00e3o e treinamento em ferramentas para a gest\u00e3o de tarefas que otimizam a produtividade da sua empresa.[\/vc_column_text][\/vc_tta_section][vc_tta_section title=&#8221;LICENCIAMENTO DE SOFTWARES&#8221; tab_id=&#8221;1632785875185-0725cc34-c2ba&#8221;][vc_column_text]Metodologia e profissionais altamente qualificados e dispon\u00edveis para verifica\u00e7\u00e3o de recursos necess\u00e1rios, regulariza\u00e7\u00e3o e monitoramento constante dos softwares corporativos.[\/vc_column_text][\/vc_tta_section][vc_tta_section title=&#8221;FERRAMENTA DE GEST\u00c3O DE AMBIENTE&#8221; tab_id=&#8221;1635545323928-0256a68f-0d03&#8243;][vc_column_text]Em breve![\/vc_column_text][\/vc_tta_section][\/vc_tta_accordion][\/vc_column][\/vc_row][vc_row][vc_column][vc_empty_space height=&#8221;150px&#8221;][\/vc_column][\/vc_row][vc_section css=&#8221;.vc_custom_1631740407726{background-color: #e2e5ea !important;}&#8221;][vc_row el_class=&#8221;box_geral_not&#8221;][vc_column][vc_empty_space height=&#8221;100px&#8221;][vc_column_text]<\/p>\n<h2 style=\"text-align: center;\">Publica\u00e7\u00f5es recentes<\/h2>\n<p>[\/vc_column_text][vc_empty_space height=&#8221;30px&#8221;][vc_basic_grid post_type=&#8221;post&#8221; max_items=&#8221;3&#8243; grid_id=&#8221;vc_gid:1635546194726-003cda0f-1e7c-9&#8243;][vc_empty_space height=&#8221;70px&#8221;][vc_btn title=&#8221;Veja mais publica\u00e7\u00f5es&#8221; color=&#8221;warning&#8221; size=&#8221;lg&#8221; align=&#8221;center&#8221; link=&#8221;url:http%3A%2F%2Fwww.officetecnologia.com.br%2Fsite%2Fblog%2F|title:Blog||&#8221;][vc_empty_space height=&#8221;150px&#8221;][\/vc_column][\/vc_row][\/vc_section]<\/p>\n","protected":false},"excerpt":{"rendered":"<p>[vc_section css=&#8221;.vc_custom_1634697254909{background: #ffffff url(https:\/\/www.officetecnologia.com.br\/site\/wp-content\/uploads\/2021\/10\/back_servinteligencia.png?id=308) !important;background-position: center !important;background-repeat: no-repeat !important;background-size: cover !important;}&#8221;][vc_row el_class=&#8221;box_geral&#8221;][vc_column css_animation=&#8221;none&#8221;][vc_empty_space height=&#8221;100px&#8221;][vc_column_text] Nossos Servi\u00e7os Intelig\u00eancia e Consultoria [\/vc_column_text][vc_empty_space height=&#8221;200px&#8221;][\/vc_column][\/vc_row][\/vc_section][vc_row el_class=&#8221;box_geral&#8221;][vc_column width=&#8221;1\/5&#8243;][vc_column_text][\/vc_column_text][\/vc_column][vc_column width=&#8221;3\/5&#8243;][vc_empty_space height=&#8221;10px&#8221;][\/vc_column][\/vc_row][vc_row el_class=&#8221;box_geral&#8221;][vc_column width=&#8221;1\/3&#8243;][vc_column_text] [\/vc_column_text][vc_column_text][\/vc_column_text][vc_empty_space height=&#8221;150px&#8221;][\/vc_column][vc_column width=&#8221;2\/3&#8243; [&hellip;]<\/p>\n","protected":false},"author":1,"featured_media":0,"parent":0,"menu_order":0,"comment_status":"closed","ping_status":"closed","template":"page-full-width.php","meta":{"footnotes":""},"class_list":["post-191","page","type-page","status-publish","hentry"],"_links":{"self":[{"href":"https:\/\/www.officetecnologia.com.br\/site\/wp-json\/wp\/v2\/pages\/191","targetHints":{"allow":["GET"]}}],"collection":[{"href":"https:\/\/www.officetecnologia.com.br\/site\/wp-json\/wp\/v2\/pages"}],"about":[{"href":"https:\/\/www.officetecnologia.com.br\/site\/wp-json\/wp\/v2\/types\/page"}],"author":[{"embeddable":true,"href":"https:\/\/www.officetecnologia.com.br\/site\/wp-json\/wp\/v2\/users\/1"}],"replies":[{"embeddable":true,"href":"https:\/\/www.officetecnologia.com.br\/site\/wp-json\/wp\/v2\/comments?post=191"}],"version-history":[{"count":20,"href":"https:\/\/www.officetecnologia.com.br\/site\/wp-json\/wp\/v2\/pages\/191\/revisions"}],"predecessor-version":[{"id":371,"href":"https:\/\/www.officetecnologia.com.br\/site\/wp-json\/wp\/v2\/pages\/191\/revisions\/371"}],"wp:attachment":[{"href":"https:\/\/www.officetecnologia.com.br\/site\/wp-json\/wp\/v2\/media?parent=191"}],"curies":[{"name":"wp","href":"https:\/\/api.w.org\/{rel}","templated":true}]}}